{"id":25,"date":"2017-03-19T13:15:50","date_gmt":"2017-03-19T12:15:50","guid":{"rendered":"http:\/\/enroutepourlinconnu.com\/?page_id=25"},"modified":"2020-12-06T17:34:57","modified_gmt":"2020-12-06T16:34:57","slug":"accueil","status":"publish","type":"page","link":"https:\/\/enroutepourlinconnu.com\/","title":{"rendered":"Accueil"},"content":{"rendered":"<p>Bienvenue par ici\u00a0!<\/p>\n<p>Ce site a vu le jour en m\u00eame temps qu&rsquo;a d\u00e9but\u00e9 ma grande aventure dans de nombreux pays. Ce qu\u2019on appelle, par raccourci, un tour du monde, mais qui ne sied pas vraiment \u00e0 mon parcours, celui-ci ayant \u00e9lud\u00e9 des continents entiers, mais pas oubli\u00e9 le petit dernier, Zealandia\u2026<\/p>\n<p>Mon envie a \u00e9t\u00e9 de coucher par \u00e9crit les aventures v\u00e9cues ici et l\u00e0, les sentiments \u00e9prouv\u00e9s et les \u00e9merveillements qui vont de pair avec chaque d\u00e9couverte d\u2019un endroit inconnu, d\u2019une population \u00e9trang\u00e8re, de sp\u00e9cificit\u00e9s locales.<\/p>\n<p>Je vous souhaite, \u00e0 d\u00e9faut d\u2019avoir le temps, de le prendre car les r\u00e9cits se font sous la m\u00eame forme que la plupart de mes trajets\u00a0: de fa\u00e7on progressive et sans la moindre volont\u00e9 d\u2019acc\u00e9l\u00e9rer les choses. Il n\u2019est pas question ici de c\u00e9der aux sir\u00e8nes de l\u2019imm\u00e9diatet\u00e9 et de l\u2019instantan\u00e9 que nous proposent notre \u00e9poque, mais bien d\u2019\u00eatre en accord avec le rythme du voyage et de s\u2019accorder ce luxe parfois d\u00e9laiss\u00e9.<\/p>\n<p>Dans un autre registre, s\u2019il m\u2019arrive de donner quelques d\u00e9tails pratiques sur mon itin\u00e9raire, le voyageur d\u00e9sireux de pr\u00e9parer un voyage au long cours sera forc\u00e9ment d\u00e9\u00e7u. D\u2019une part, les sites de voyages et de conseils sont nombreux et tous plus utiles les uns que les autres\u00a0: ma contribution n\u2019aurait pas vraiment de sens. D\u2019autre part, \u00ab\u00a0tous les chemins m\u00e8nent \u00e0 Rome\u00a0\u00bb et je pr\u00e9f\u00e8re parler d\u2019une exp\u00e9rience d\u00e9riv\u00e9e d\u2019un choix particulier plut\u00f4t que de vouloir tous les recenser.<\/p>\n<p>Mon voyage est termin\u00e9, de m\u00eame que le r\u00e9cit de toutes ses \u00e9tapes&#8230; retrouvons-nous sur un des articles du blog !<\/p>\n<p>Bonne lecture\u00a0!<\/p>\n<p>Laurent<\/p>\n","protected":false},"excerpt":{"rendered":"<p>Bienvenue par ici\u00a0! Ce site a vu le jour en m\u00eame temps qu&rsquo;a d\u00e9but\u00e9 ma grande aventure dans de nombreux pays. Ce qu\u2019on appelle, par raccourci, un tour du monde, mais qui ne sied pas vraiment \u00e0 mon parcours, celui-ci ayant \u00e9lud\u00e9 des continents entiers, mais pas oubli\u00e9 le petit dernier, Zealandia\u2026 Mon envie a [&hellip;]<\/p>\n","protected":false},"author":1,"featured_media":0,"parent":0,"menu_order":0,"comment_status":"closed","ping_status":"closed","template":"","meta":{"footnotes":""},"class_list":["post-25","page","type-page","status-publish","hentry"],"_links":{"self":[{"href":"https:\/\/enroutepourlinconnu.com\/index.php\/wp-json\/wp\/v2\/pages\/25","targetHints":{"allow":["GET"]}}],"collection":[{"href":"https:\/\/enroutepourlinconnu.com\/index.php\/wp-json\/wp\/v2\/pages"}],"about":[{"href":"https:\/\/enroutepourlinconnu.com\/index.php\/wp-json\/wp\/v2\/types\/page"}],"author":[{"embeddable":true,"href":"https:\/\/enroutepourlinconnu.com\/index.php\/wp-json\/wp\/v2\/users\/1"}],"replies":[{"embeddable":true,"href":"https:\/\/enroutepourlinconnu.com\/index.php\/wp-json\/wp\/v2\/comments?post=25"}],"version-history":[{"count":7,"href":"https:\/\/enroutepourlinconnu.com\/index.php\/wp-json\/wp\/v2\/pages\/25\/revisions"}],"predecessor-version":[{"id":5738,"href":"https:\/\/enroutepourlinconnu.com\/index.php\/wp-json\/wp\/v2\/pages\/25\/revisions\/5738"}],"wp:attachment":[{"href":"https:\/\/enroutepourlinconnu.com\/index.php\/wp-json\/wp\/v2\/media?parent=25"}],"curies":[{"name":"wp","href":"https:\/\/api.w.org\/{rel}","templated":true}]}}